{"id":84,"date":"2017-01-02T15:12:42","date_gmt":"2017-01-02T13:12:42","guid":{"rendered":"https:\/\/jukademo.wordpress.com\/?page_id=84"},"modified":"2017-01-02T15:12:42","modified_gmt":"2017-01-02T13:12:42","slug":"adventskonzert","status":"publish","type":"page","link":"https:\/\/jugendkapelle-grossenseebach.de\/?page_id=84","title":{"rendered":"Adventskonzert"},"content":{"rendered":"<p><img loading=\"lazy\" decoding=\"async\" class=\"size-medium wp-image-127 aligncenter\" src=\"https:\/\/jugendkapelle-grossenseebach.de\/wp-content\/uploads\/2017\/01\/snow-man-1882635.jpg?w=300\" alt=\"snow-man-1882635\" width=\"300\" height=\"200\" srcset=\"https:\/\/jugendkapelle-grossenseebach.de\/wp-content\/uploads\/2017\/01\/snow-man-1882635.jpg 4896w, https:\/\/jugendkapelle-grossenseebach.de\/wp-content\/uploads\/2017\/01\/snow-man-1882635-300x200.jpg 300w, https:\/\/jugendkapelle-grossenseebach.de\/wp-content\/uploads\/2017\/01\/snow-man-1882635-768x512.jpg 768w, https:\/\/jugendkapelle-grossenseebach.de\/wp-content\/uploads\/2017\/01\/snow-man-1882635-1024x683.jpg 1024w\" sizes=\"(max-width: 300px) 100vw, 300px\" \/><\/p>\n<p style=\"text-align:justify;\">Das Adventskonzert zur vorweihnachtlichen Einstimmung fand bis 2003 in der Wehrkirche Hannberg und seit dem Jahr 2004 in der Kirche St. Michael in Gro\u00dfenseebach statt. Es ist\u00a0 traditionell ein Benefizkonzert. Dieses Konzert ist stark durch die Mitwirkung einzelner Ensembles aus den verschiedenen Instrumentalgruppen gepr\u00e4gt, wo sich diese auch einmal solistisch pr\u00e4sentieren k\u00f6nnen.<\/p>\n<p style=\"text-align:justify;\"><img loading=\"lazy\" decoding=\"async\" class=\"size-medium wp-image-237 aligncenter\" src=\"https:\/\/jugendkapelle-grossenseebach.de\/wp-content\/uploads\/2017\/01\/hymnal-468126.jpg?w=300\" alt=\"hymnal-468126\" width=\"300\" height=\"199\" srcset=\"https:\/\/jugendkapelle-grossenseebach.de\/wp-content\/uploads\/2017\/01\/hymnal-468126.jpg 4928w, https:\/\/jugendkapelle-grossenseebach.de\/wp-content\/uploads\/2017\/01\/hymnal-468126-300x199.jpg 300w, https:\/\/jugendkapelle-grossenseebach.de\/wp-content\/uploads\/2017\/01\/hymnal-468126-768x509.jpg 768w, https:\/\/jugendkapelle-grossenseebach.de\/wp-content\/uploads\/2017\/01\/hymnal-468126-1024x678.jpg 1024w\" sizes=\"(max-width: 300px) 100vw, 300px\" \/><\/p>\n","protected":false},"excerpt":{"rendered":"<p>Das Adventskonzert zur vorweihnachtlichen Einstimmung fand bis 2003 in der Wehrkirche Hannberg und seit dem Jahr 2004 in der Kirche St. Michael in Gro\u00dfenseebach statt. Es ist\u00a0&hellip; <span class=\"read-more\"><a class=\"more-link\" href=\"https:\/\/jugendkapelle-grossenseebach.de\/?page_id=84\" rel=\"bookmark\"><span class=\"screen-reader-text\">&#8222;Adventskonzert&#8220;<\/span> weiterlesen<\/a><\/span><\/p>\n","protected":false},"author":2,"featured_media":0,"parent":0,"menu_order":0,"comment_status":"closed","ping_status":"closed","template":"","meta":{"footnotes":""},"class_list":["post-84","page","type-page","status-publish","hentry"],"jetpack_sharing_enabled":false,"_links":{"self":[{"href":"https:\/\/jugendkapelle-grossenseebach.de\/index.php?rest_route=\/wp\/v2\/pages\/84"}],"collection":[{"href":"https:\/\/jugendkapelle-grossenseebach.de\/index.php?rest_route=\/wp\/v2\/pages"}],"about":[{"href":"https:\/\/jugendkapelle-grossenseebach.de\/index.php?rest_route=\/wp\/v2\/types\/page"}],"author":[{"embeddable":true,"href":"https:\/\/jugendkapelle-grossenseebach.de\/index.php?rest_route=\/wp\/v2\/users\/2"}],"replies":[{"embeddable":true,"href":"https:\/\/jugendkapelle-grossenseebach.de\/index.php?rest_route=%2Fwp%2Fv2%2Fcomments&post=84"}],"version-history":[{"count":1,"href":"https:\/\/jugendkapelle-grossenseebach.de\/index.php?rest_route=\/wp\/v2\/pages\/84\/revisions"}],"predecessor-version":[{"id":634,"href":"https:\/\/jugendkapelle-grossenseebach.de\/index.php?rest_route=\/wp\/v2\/pages\/84\/revisions\/634"}],"wp:attachment":[{"href":"https:\/\/jugendkapelle-grossenseebach.de\/index.php?rest_route=%2Fwp%2Fv2%2Fmedia&parent=84"}],"curies":[{"name":"wp","href":"https:\/\/api.w.org\/{rel}","templated":true}]}}