{"id":177,"date":"2017-01-03T18:06:34","date_gmt":"2017-01-03T16:06:34","guid":{"rendered":"https:\/\/jukademo.wordpress.com\/?page_id=177"},"modified":"2021-10-07T15:41:21","modified_gmt":"2021-10-07T13:41:21","slug":"infos-dirige","status":"publish","type":"page","link":"https:\/\/jugendkapelle-grossenseebach.de\/?page_id=177","title":{"rendered":"Infos Dirigent"},"content":{"rendered":"<h6><strong>Matthias Uri<\/strong><\/h6>\n<h6><strong><a href=\"http:\/\/jugendkapelle-grossenseebach.de\/wp-content\/uploads\/2017\/01\/15027596_560309750830885_1914781479326784708_n1.jpg\"><img loading=\"lazy\" decoding=\"async\" class=\"aligncenter wp-image-194 size-full\" src=\"http:\/\/jugendkapelle-grossenseebach.de\/wp-content\/uploads\/2017\/01\/15027596_560309750830885_1914781479326784708_n1.jpg\" alt=\"\" width=\"427\" height=\"640\" srcset=\"https:\/\/jugendkapelle-grossenseebach.de\/wp-content\/uploads\/2017\/01\/15027596_560309750830885_1914781479326784708_n1.jpg 427w, https:\/\/jugendkapelle-grossenseebach.de\/wp-content\/uploads\/2017\/01\/15027596_560309750830885_1914781479326784708_n1-200x300.jpg 200w\" sizes=\"(max-width: 427px) 100vw, 427px\" \/><\/a><\/strong><\/h6>\n<p style=\"text-align: justify;\">Matthias Uri wurde 1988 in Forchheim geboren. Im Alter von 6 Jahren begann er in der Jugendblaskapelle Burgwindheim mit dem Schlagzeug spielen. Einige Jahre sp\u00e4ter folgte dann der erste Unterricht auf Fl\u00fcgelhorn.<\/p>\n<p style=\"text-align: justify;\">Nach den 3 bestandenen D-Pr\u00fcfungen des NBMB (Bronze, Silber &amp; Gold) auf seinem Hauptinstrument Schlagzeug, entschloss er sich, seinen musikalischen Weg fortzusetzen und widmete sich weiteren Fortbildungen und Pr\u00fcfungen des Nordbayerischen Musikbundes.<\/p>\n<p style=\"text-align: justify;\">So folgte im Jahr 2008 die Ausbildung zur Stimm- und Registerf\u00fchrer, die den Grundstein f\u00fcr alle folgenden Leistungskurse legte. Danach durchlief er 2009 &#8211; 2011 erfolgreich die drei Phasen zum Ausbilder im Musikverein und bestand diese Pr\u00fcfung mit sehr gutem Erfolg.<\/p>\n<p style=\"text-align: justify;\">2012 &#8211; 2013 folgte dann die Dirigentenausbildung. Ausgebildet wurde Matthias Uri vom Oberstleutnant (a.D.) des Heeresmusikkorps 300 aus Koblenz \u2013 Robert Kuckertz. Im April 2013 bestand er die Pr\u00fcfung zum gepr\u00fcften Dirigenten des Nordbayerischen Musikbundes mit sehr gutem Erfolg. Nur ein halbes Jahr sp\u00e4ter legte er dann die Pr\u00fcfung zum Erwerb der staatlichen Anerkennung als Dirigent von Blasorchestern im Laienmusizieren ebenfalls mit sehr gutem Erfolg ab.<\/p>\n<p style=\"text-align: justify;\">Seit Mitte 2014 ist er nun bei der Jugendkapelle Gro\u00dfenseebach als musikalischer Leiter f\u00fcr das Hauptorchester t\u00e4tig.<\/p>\n<p style=\"text-align: justify;\">Die Leitung f\u00fcr das Vor-\/ und Juniororchester hat Michael Schmidt.<\/p>\n<p style=\"text-align: justify;\">\n<p style=\"text-align: justify;\">\n<h6 style=\"text-align: justify;\"><strong>Michael Schmidt<\/strong><\/h6>\n<p>Michael Schmidt wurde 1992 in Neustadt a.d. Aisch geboren. Im Alter von 6 Jahren begann er in Weisendorf das Keyboard spielen. Mit 9 Jahren folgte der Unterricht am Tenorsaxophon in der Stadtjugendkapelle Herzogenaurach.<u><\/u><u><\/u><\/p>\n<p>W\u00e4hrend seiner Ausbildung in Herzogenaurach, legte Michael Schmidt die 3 D-Pr\u00fcfungen des NBMB (Bronze, Silber &amp; Gold) auf seinem Hauptinstrument Saxophon ab. In Herzogenaurach durchlief er alle Orchester und war bis 2013 fester Bestandteil der Bl\u00e4serphilharmonie der Stadtjugendkapelle. Mit der Bl\u00e4serphilharmonie nahm er an vielen Wertungsspielen Teil in der Kategorie \u201eH\u00f6chststufe\u201c, die meist mit Sehr gutem Erfolg abgelegt wurden.<u><\/u><u><\/u><\/p>\n<p>Im Jahr 2012 folgten die ersten Gehversuche mit dem dirigieren bei einem \u201eCrashkurs\u201c unter der Leitung von Norbert Engelmann. \u00a0<u><\/u><u><\/u><\/p>\n<p>Auf Grund beruflichen Weiterbildungsma\u00dfnahmen verlie\u00df Michael Schmidt 2013 die Stadtjugendkapelle Herzogenaurach. 2014 schloss er sich der Jugendkapelle Gro\u00dfenseebach an, unter der damaligen Leitung von Hans-J\u00fcrgen Lorenz.<u><\/u><u><\/u><\/p>\n<p>Seit 2017\u00a0 ist er nun bei der Jugendkapelle Gro\u00dfenseebach als Dirigent f\u00fcr das Juniororchester t\u00e4tig. Die Leitung f\u00fcr das Vororchester hat Michael Schmidt 2019 \u00fcbernommen.<u><\/u><u><\/u><\/p>\n<p>Ende 2019 folgte eine Teilnahme am Lehrgang \u201eDirigent Assistent\u201c des NBMB.<\/p>\n","protected":false},"excerpt":{"rendered":"<p>Matthias Uri Matthias Uri wurde 1988 in Forchheim geboren. Im Alter von 6 Jahren begann er in der Jugendblaskapelle Burgwindheim mit dem Schlagzeug spielen. Einige Jahre sp\u00e4ter&hellip; <span class=\"read-more\"><a class=\"more-link\" href=\"https:\/\/jugendkapelle-grossenseebach.de\/?page_id=177\" rel=\"bookmark\"><span class=\"screen-reader-text\">&#8222;Infos Dirigent&#8220;<\/span> weiterlesen<\/a><\/span><\/p>\n","protected":false},"author":2,"featured_media":0,"parent":55,"menu_order":0,"comment_status":"closed","ping_status":"closed","template":"","meta":{"footnotes":""},"class_list":["post-177","page","type-page","status-publish","hentry"],"jetpack_sharing_enabled":false,"_links":{"self":[{"href":"https:\/\/jugendkapelle-grossenseebach.de\/index.php?rest_route=\/wp\/v2\/pages\/177"}],"collection":[{"href":"https:\/\/jugendkapelle-grossenseebach.de\/index.php?rest_route=\/wp\/v2\/pages"}],"about":[{"href":"https:\/\/jugendkapelle-grossenseebach.de\/index.php?rest_route=\/wp\/v2\/types\/page"}],"author":[{"embeddable":true,"href":"https:\/\/jugendkapelle-grossenseebach.de\/index.php?rest_route=\/wp\/v2\/users\/2"}],"replies":[{"embeddable":true,"href":"https:\/\/jugendkapelle-grossenseebach.de\/index.php?rest_route=%2Fwp%2Fv2%2Fcomments&post=177"}],"version-history":[{"count":3,"href":"https:\/\/jugendkapelle-grossenseebach.de\/index.php?rest_route=\/wp\/v2\/pages\/177\/revisions"}],"predecessor-version":[{"id":837,"href":"https:\/\/jugendkapelle-grossenseebach.de\/index.php?rest_route=\/wp\/v2\/pages\/177\/revisions\/837"}],"up":[{"embeddable":true,"href":"https:\/\/jugendkapelle-grossenseebach.de\/index.php?rest_route=\/wp\/v2\/pages\/55"}],"wp:attachment":[{"href":"https:\/\/jugendkapelle-grossenseebach.de\/index.php?rest_route=%2Fwp%2Fv2%2Fmedia&parent=177"}],"curies":[{"name":"wp","href":"https:\/\/api.w.org\/{rel}","templated":true}]}}